{"id":8906,"date":"2024-03-28T16:41:04","date_gmt":"2024-03-28T15:41:04","guid":{"rendered":"https:\/\/www.marionaubray-accompagnements.fr\/?page_id=8906"},"modified":"2024-08-01T15:54:04","modified_gmt":"2024-08-01T13:54:04","slug":"coaching","status":"publish","type":"page","link":"https:\/\/www.marionaubray-accompagnements.fr\/index.php\/coaching\/","title":{"rendered":"Coaching"},"content":{"rendered":"\t\t<div data-elementor-type=\"wp-page\" data-elementor-id=\"8906\" class=\"elementor elementor-8906\">\n\t\t\t\t\t\t\t<div class=\"elementor-element elementor-element-3394b4d e-flex e-con-boxed e-con\" data-id=\"3394b4d\" data-element_type=\"container\" data-settings=\"{&quot;background_background&quot;:&quot;classic&quot;,&quot;content_width&quot;:&quot;boxed&quot;}\">\n\t\t\t\t\t<div class=\"e-con-inner\">\n\t\t\t\t<div class=\"elementor-element elementor-element-6215e4e elementor-widget elementor-widget-heading\" data-id=\"6215e4e\" data-element_type=\"widget\" data-widget_type=\"heading.default\">\n\t\t\t\t<div class=\"elementor-widget-container\">\n\t\t\t<style>\/*! elementor - v3.15.0 - 31-07-2023 *\/\n.elementor-heading-title{padding:0;margin:0;line-height:1}.elementor-widget-heading .elementor-heading-title[class*=elementor-size-]>a{color:inherit;font-size:inherit;line-height:inherit}.elementor-widget-heading .elementor-heading-title.elementor-size-small{font-size:15px}.elementor-widget-heading .elementor-heading-title.elementor-size-medium{font-size:19px}.elementor-widget-heading .elementor-heading-title.elementor-size-large{font-size:29px}.elementor-widget-heading .elementor-heading-title.elementor-size-xl{font-size:39px}.elementor-widget-heading .elementor-heading-title.elementor-size-xxl{font-size:59px}<\/style><h2 class=\"elementor-heading-title elementor-size-default\"><a href=\"https:\/\/www.marionaubray-accompagnements.fr\/\">Accueil<\/a><\/h2>\t\t<\/div>\n\t\t\t\t<\/div>\n\t\t\t\t<div class=\"elementor-element elementor-element-20f872e elementor-widget elementor-widget-heading\" data-id=\"20f872e\" data-element_type=\"widget\" data-widget_type=\"heading.default\">\n\t\t\t\t<div class=\"elementor-widget-container\">\n\t\t\t<h2 class=\"elementor-heading-title elementor-size-default\"><a href=\"https:\/\/www.marionaubray-accompagnements.fr\/index.php\/prestations\/\">\/ Prestations<\/a><\/h2>\t\t<\/div>\n\t\t\t\t<\/div>\n\t\t\t\t<div class=\"elementor-element elementor-element-6c433c5 elementor-widget elementor-widget-heading\" data-id=\"6c433c5\" data-element_type=\"widget\" data-widget_type=\"heading.default\">\n\t\t\t\t<div class=\"elementor-widget-container\">\n\t\t\t<h2 class=\"elementor-heading-title elementor-size-default\">\/ Coaching<\/h2>\t\t<\/div>\n\t\t\t\t<\/div>\n\t\t\t\t\t<\/div>\n\t\t\t\t<\/div>\n\t\t<div class=\"elementor-element elementor-element-ef009d8 e-flex e-con-boxed e-con\" data-id=\"ef009d8\" data-element_type=\"container\" data-settings=\"{&quot;background_background&quot;:&quot;classic&quot;,&quot;content_width&quot;:&quot;boxed&quot;}\">\n\t\t\t\t\t<div class=\"e-con-inner\">\n\t\t<div class=\"elementor-element elementor-element-c97428c e-con-full e-flex e-con\" data-id=\"c97428c\" data-element_type=\"container\" data-settings=\"{&quot;content_width&quot;:&quot;full&quot;}\">\n\t\t\t\t<div class=\"elementor-element elementor-element-4ae2e6d elementor-widget elementor-widget-heading\" data-id=\"4ae2e6d\" data-element_type=\"widget\" data-widget_type=\"heading.default\">\n\t\t\t\t<div class=\"elementor-widget-container\">\n\t\t\t<h1 class=\"elementor-heading-title elementor-size-default\"><b>Coaching<\/b><\/h1>\t\t<\/div>\n\t\t\t\t<\/div>\n\t\t\t\t<\/div>\n\t\t<div class=\"elementor-element elementor-element-b6a2b26 e-con-full e-flex e-con\" data-id=\"b6a2b26\" data-element_type=\"container\" data-settings=\"{&quot;content_width&quot;:&quot;full&quot;}\">\n\t\t\t\t<div class=\"elementor-element elementor-element-c48eee7 elementor-widget elementor-widget-image\" data-id=\"c48eee7\" data-element_type=\"widget\" data-widget_type=\"image.default\">\n\t\t\t\t<div class=\"elementor-widget-container\">\n\t\t\t<style>\/*! elementor - v3.15.0 - 31-07-2023 *\/\n.elementor-widget-image{text-align:center}.elementor-widget-image a{display:inline-block}.elementor-widget-image a img[src$=\".svg\"]{width:48px}.elementor-widget-image img{vertical-align:middle;display:inline-block}<\/style>\t\t\t\t\t\t\t\t\t\t\t\t<img loading=\"lazy\" decoding=\"async\" width=\"750\" height=\"743\" src=\"https:\/\/www.marionaubray-accompagnements.fr\/wp-content\/uploads\/2024\/03\/Coaching_Low.png\" class=\"attachment-large size-large wp-image-8918\" alt=\"coaching\" srcset=\"https:\/\/www.marionaubray-accompagnements.fr\/wp-content\/uploads\/2024\/03\/Coaching_Low.png 750w, https:\/\/www.marionaubray-accompagnements.fr\/wp-content\/uploads\/2024\/03\/Coaching_Low-300x297.png 300w, https:\/\/www.marionaubray-accompagnements.fr\/wp-content\/uploads\/2024\/03\/Coaching_Low-150x150.png 150w, https:\/\/www.marionaubray-accompagnements.fr\/wp-content\/uploads\/2024\/03\/Coaching_Low-600x594.png 600w\" sizes=\"auto, 100vw\" \/>\t\t\t\t\t\t\t\t\t\t\t\t\t\t\t<\/div>\n\t\t\t\t<\/div>\n\t\t\t\t<\/div>\n\t\t\t\t\t<\/div>\n\t\t\t\t<\/div>\n\t\t<div class=\"elementor-element elementor-element-6de4351 e-flex e-con-boxed e-con\" data-id=\"6de4351\" data-element_type=\"container\" data-settings=\"{&quot;background_background&quot;:&quot;classic&quot;,&quot;content_width&quot;:&quot;boxed&quot;}\">\n\t\t\t\t\t<div class=\"e-con-inner\">\n\t\t<div class=\"elementor-element elementor-element-8c1e3f8 e-flex e-con-boxed e-con\" data-id=\"8c1e3f8\" data-element_type=\"container\" data-settings=\"{&quot;content_width&quot;:&quot;boxed&quot;}\">\n\t\t\t\t\t<div class=\"e-con-inner\">\n\t\t\t\t<div class=\"elementor-element elementor-element-74ebab2 elementor-widget elementor-widget-heading\" data-id=\"74ebab2\" data-element_type=\"widget\" data-widget_type=\"heading.default\">\n\t\t\t\t<div class=\"elementor-widget-container\">\n\t\t\t<h2 class=\"elementor-heading-title elementor-size-default\">Coaching personnel et professionnel\u00a0<\/h2>\t\t<\/div>\n\t\t\t\t<\/div>\n\t\t\t\t\t<\/div>\n\t\t\t\t<\/div>\n\t\t<div class=\"elementor-element elementor-element-32ed5d9 e-flex e-con-boxed e-con\" data-id=\"32ed5d9\" data-element_type=\"container\" data-settings=\"{&quot;content_width&quot;:&quot;boxed&quot;}\">\n\t\t\t\t\t<div class=\"e-con-inner\">\n\t\t\t\t<div class=\"elementor-element elementor-element-63b8364 elementor-widget elementor-widget-text-editor\" data-id=\"63b8364\" data-element_type=\"widget\" data-widget_type=\"text-editor.default\">\n\t\t\t\t<div class=\"elementor-widget-container\">\n\t\t\t<style>\/*! elementor - v3.15.0 - 31-07-2023 *\/\n.elementor-widget-text-editor.elementor-drop-cap-view-stacked .elementor-drop-cap{background-color:#69727d;color:#fff}.elementor-widget-text-editor.elementor-drop-cap-view-framed .elementor-drop-cap{color:#69727d;border:3px solid;background-color:transparent}.elementor-widget-text-editor:not(.elementor-drop-cap-view-default) .elementor-drop-cap{margin-top:8px}.elementor-widget-text-editor:not(.elementor-drop-cap-view-default) .elementor-drop-cap-letter{width:1em;height:1em}.elementor-widget-text-editor .elementor-drop-cap{float:left;text-align:center;line-height:1;font-size:50px}.elementor-widget-text-editor .elementor-drop-cap-letter{display:inline-block}<\/style>\t\t\t\t<p>Je vous accompagne dans la d\u00e9finition et l\u2019atteinte de vos objectifs personnels et<br \/>professionnels.\u00a0<br \/>Ces objectifs vous sont propres et peuvent \u00eatre de diff\u00e9rentes natures\u00a0: objectifs d\u2019\u00e9volution, de d\u00e9veloppement, de d\u00e9cision, de transformation et de r\u00e9alisation.<br \/>Ce coaching est r\u00e9alis\u00e9 dans le respect des principes \u00e9thiques et notamment dans le respect des droits des individus.<br \/>N\u2019h\u00e9sitez pas \u00e0 me contacter afin que l\u2019on \u00e9change ensemble sur la d\u00e9finition de vos objectifs.<span style=\"text-align: var(--text-align);\"><br \/><\/span><\/p><p><span style=\"text-align: var(--text-align);\">Tarif\u00a0pour 1h de coaching\u00a0: 60\u20ac<\/span><\/p>\t\t\t\t\t\t<\/div>\n\t\t\t\t<\/div>\n\t\t\t\t\t<\/div>\n\t\t\t\t<\/div>\n\t\t\t\t\t<\/div>\n\t\t\t\t<\/div>\n\t\t<div class=\"elementor-element elementor-element-205b50b e-flex e-con-boxed e-con\" data-id=\"205b50b\" data-element_type=\"container\" data-settings=\"{&quot;background_background&quot;:&quot;classic&quot;,&quot;content_width&quot;:&quot;boxed&quot;}\">\n\t\t\t\t\t<div class=\"e-con-inner\">\n\t\t<div class=\"elementor-element elementor-element-1ed8750 e-flex e-con-boxed e-con\" data-id=\"1ed8750\" data-element_type=\"container\" data-settings=\"{&quot;content_width&quot;:&quot;boxed&quot;}\">\n\t\t\t\t\t<div class=\"e-con-inner\">\n\t\t\t\t<div class=\"elementor-element elementor-element-c34361f elementor-widget elementor-widget-heading\" data-id=\"c34361f\" data-element_type=\"widget\" data-widget_type=\"heading.default\">\n\t\t\t\t<div class=\"elementor-widget-container\">\n\t\t\t<h2 class=\"elementor-heading-title elementor-size-default\">Coaching conjugal et familial<\/h2>\t\t<\/div>\n\t\t\t\t<\/div>\n\t\t\t\t\t<\/div>\n\t\t\t\t<\/div>\n\t\t<div class=\"elementor-element elementor-element-20675df e-flex e-con-boxed e-con\" data-id=\"20675df\" data-element_type=\"container\" data-settings=\"{&quot;content_width&quot;:&quot;boxed&quot;}\">\n\t\t\t\t\t<div class=\"e-con-inner\">\n\t\t\t\t<div class=\"elementor-element elementor-element-c2f63c4 elementor-widget elementor-widget-text-editor\" data-id=\"c2f63c4\" data-element_type=\"widget\" data-widget_type=\"text-editor.default\">\n\t\t\t\t<div class=\"elementor-widget-container\">\n\t\t\t\t\t\t\t<p><strong>Accompagnement des couples qui cherchent \u00e0 am\u00e9liorer leur relation<\/strong><br \/>Il n\u2019est pas \u00e9tonnant d\u2019entendre que les couples sentent que leur relation ait \u00e9t\u00e9 n\u00e9glig\u00e9e, que la<br \/>qualit\u00e9 de celle-ci ait \u00e9t\u00e9 d\u00e9grad\u00e9e. Au sein d\u2019un environnement particuli\u00e8rement demandeur,<br \/>soumis \u00e0 de nombreux aspects qui requi\u00e8rent un investissement de leur \u00e9nergie, la relation de<br \/>certains couples se trouve en souffrance. Paradoxalement, les personnes ont aussi des attentes<br \/>plus importantes envers une relation qui les comble. Elles sont donc plus susceptibles de mettre<br \/>fin \u00e0 une relation qui ne leur convient plus. S\u2019accorder un temps pour des s\u00e9ances de coaching<br \/>hebdomadaires ou mensuelles peut fournir un espace de qualit\u00e9 n\u00e9cessaire \u00e0 l\u2019exploration des<br \/>probl\u00e9matiques relationnelles et au d\u00e9veloppement serein du couple, qui peut alors gagner en<br \/>maturit\u00e9.<br \/>Possibilit\u00e9 de participer aux s\u00e9ances seul ou avec son partenaire<\/p><p><strong>Soutenir les parents qui veulent transformer de fa\u00e7on positive la relation avec leurs<\/strong><br \/><strong>enfants.<\/strong><br \/>Nombreux sont les parents, d\u00e9pass\u00e9s par les demandes li\u00e9es \u00e0 la parentalit\u00e9, qui finissent par<br \/>r\u00e9pondre \u00e0 des \u00e9v\u00e9nements imm\u00e9diats plut\u00f4t que de travailler sur des objectifs \u00e9ducatifs \u00e0 long<br \/>terme. Cette r\u00e9alit\u00e9 g\u00e9n\u00e8re en eux des sentiments de culpabilit\u00e9 et d\u2019\u00e9chec tandis qu\u2019ils<br \/>s\u2019inqui\u00e8tent de ne pas \u00e9lever correctement leurs enfants. Le coaching familial peut les aider en<br \/>leur apportant un cadre s\u00e9curis\u00e9 au sein duquel ils pourront discuter et planifier les strat\u00e9gies<br \/>parentales, d\u00e9terminer des priorit\u00e9s et s\u2019assurer de la conformit\u00e9 de leurs valeurs et de leurs<br \/>pratiques en tant que parents.<br \/>Possibilit\u00e9 de participer aux s\u00e9ances avec ou sans les enfants<\/p><p><strong>Accompagnement des c\u00e9libataires envisageant d\u2019am\u00e9liorer leurs relations sentimentales<\/strong><br \/>Un nombre croissant d\u2019hommes et de femmes c\u00e9libataires n\u2019arrivent tout simplement pas \u00e0<br \/>vivre des relations durables. Ils peuvent avoir \u00e9t\u00e9 en couple avec des dizaines de partenaires<br \/>potentiels, sur dix ou vingt ans, sans succ\u00e8s. Certains passent d\u2019une relation \u00e0 l\u2019autre sans<br \/>comprendre pourquoi elles se terminent toujours brutalement. Cependant, quelques<br \/>ajustements simples peuvent faire toute la diff\u00e9rence et redonner une chance aux personnes<br \/>souhaitant se lancer dans une relation stable et durable. Ainsi, prendre conscience de ce qui les<br \/>emp\u00eache de construire est bien souvent suffisant pour am\u00e9liorer consid\u00e9rablement leur capacit\u00e9<br \/>\u00e0 r\u00e9soudre leurs probl\u00e8mes relationnels.<\/p><p>Tarif\u00a0pour 1h de coaching conjugal et familial : 60\u20ac<\/p>\t\t\t\t\t\t<\/div>\n\t\t\t\t<\/div>\n\t\t\t\t\t<\/div>\n\t\t\t\t<\/div>\n\t\t\t\t\t<\/div>\n\t\t\t\t<\/div>\n\t\t\t\t\t\t\t<\/div>\n\t\t","protected":false},"excerpt":{"rendered":"<p>Accueil \/ Prestations \/ Coaching Coaching Coaching personnel et professionnel\u00a0 Je vous accompagne dans la d\u00e9finition et l\u2019atteinte de vos objectifs personnels etprofessionnels.\u00a0Ces objectifs vous sont propres et peuvent \u00eatre de diff\u00e9rentes natures\u00a0: objectifs d\u2019\u00e9volution, de d\u00e9veloppement, de d\u00e9cision, de transformation et de r\u00e9alisation.Ce coaching est r\u00e9alis\u00e9 dans le respect des principes \u00e9thiques et notamment &hellip; <\/p>\n<p class=\"link-more\"><a href=\"https:\/\/www.marionaubray-accompagnements.fr\/index.php\/coaching\/\" class=\"more-link\">Read more<span class=\"screen-reader-text\"> &#8220;Coaching&#8221;<\/span><\/a><\/p>\n","protected":false},"author":1,"featured_media":0,"parent":0,"menu_order":0,"comment_status":"closed","ping_status":"closed","template":"elementor_header_footer","meta":{"advgb_blocks_editor_width":"","advgb_blocks_columns_visual_guide":"","om_disable_all_campaigns":false,"_mi_skip_tracking":false,"_monsterinsights_sitenote_active":false,"_monsterinsights_sitenote_note":"","_monsterinsights_sitenote_category":0,"_advanced_animation_props":"{\"animations\":{\"fade-in\":{\"id\":\"fade-in\",\"name\":\"fade in\",\"keyframes\":{\"0%\":{\"transform\":{},\"opacity\":\"0%\"},\"100%\":{\"transform\":{},\"opacity\":\"100%\"}}},\"fade-in-left\":{\"id\":\"fade-in-left\",\"name\":\"fade in left\",\"keyframes\":{\"0%\":{\"transform\":{\"translateX\":\"50px\"},\"opacity\":\"0%\"},\"100%\":{\"transform\":{\"translateX\":\"0px\"},\"opacity\":\"100%\"}}},\"fade-in-right\":{\"id\":\"fade-in-right\",\"name\":\"fade in right\",\"keyframes\":{\"0%\":{\"transform\":{\"translateX\":\"-50px\"},\"opacity\":\"0%\"},\"100%\":{\"transform\":{\"translateX\":\"0px\"},\"opacity\":\"100%\"}}},\"fade-in-top\":{\"id\":\"fade-in-top\",\"name\":\"fade in top\",\"keyframes\":{\"0%\":{\"transform\":{\"translateY\":\"50px\"},\"opacity\":\"0%\"},\"100%\":{\"transform\":{\"translateY\":\"0px\"},\"opacity\":\"100%\"}}},\"fade-in-down\":{\"id\":\"fade-in-down\",\"name\":\"fade in down\",\"keyframes\":{\"0%\":{\"transform\":{\"translateY\":\"-50px\"},\"opacity\":\"0%\"},\"100%\":{\"transform\":{\"translateY\":\"0px\"},\"opacity\":\"100%\"}}},\"zoom-in\":{\"id\":\"zoom-in\",\"name\":\"zoom in\",\"keyframes\":{\"0%\":{\"transform\":{\"scale\":\"70%\"},\"opacity\":\"0%\"},\"100%\":{\"transform\":{\"scale\":\"100%\"},\"opacity\":\"100%\"}}},\"zoom-out\":{\"id\":\"zoom-out\",\"name\":\"zoom out\",\"keyframes\":{\"0%\":{\"transform\":{\"scale\":\"130%\"},\"opacity\":\"0%\"},\"100%\":{\"transform\":{\"scale\":\"100%\"},\"opacity\":\"100%\"}}},\"scale-up\":{\"id\":\"scale-up\",\"name\":\"scale up\",\"keyframes\":{\"0%\":{\"transform\":{\"scale\":\"100%\"}},\"100%\":{\"transform\":{\"scale\":\"120%\"}}}},\"scale-down\":{\"id\":\"scale-down\",\"name\":\"scale down\",\"keyframes\":{\"0%\":{\"transform\":{\"scale\":\"100%\"}},\"100%\":{\"transform\":{\"scale\":\"80%\"}}}},\"clip-from-left\":{\"id\":\"clip-from-left\",\"name\":\"reveal from left\",\"keyframes\":{\"0%\":{\"clip-path\":\"inset(0% 100% 0% 0%)\"},\"100%\":{\"clip-path\":\"inset(0% 0% 0% 0%)\"}}},\"clip-from-right\":{\"id\":\"clip-from-right\",\"name\":\"reveal from right\",\"keyframes\":{\"0%\":{\"clip-path\":\"inset(0% 0% 0% 100%)\"},\"100%\":{\"clip-path\":\"inset(0% 0% 0% 0%)\"}}},\"clip-from-top\":{\"id\":\"clip-from-top\",\"name\":\"reveal from top\",\"keyframes\":{\"0%\":{\"clip-path\":\"inset(0% 0% 100% 0%)\"},\"100%\":{\"clip-path\":\"inset(0% 0% 0% 0%)\"}}},\"clip-from-bottom\":{\"id\":\"clip-from-bottom\",\"name\":\"reveal from bottom\",\"keyframes\":{\"0%\":{\"clip-path\":\"inset(100% 0% 0% 0%)\"},\"100%\":{\"clip-path\":\"inset(0% 0% 0% 0%)\"}}},\"text-rotate-intro\":{\"id\":\"text-rotate-intro\",\"name\":\"text rotate intro\",\"keyframes\":{\"0%\":{\"transform\":{\"rotate\":\"-10deg\",\"rotateX\":\"75deg\",\"rotateY\":\"0deg\"},\"opacity\":\"0%\"},\"100%\":{\"transform\":{\"rotate\":\"0deg\",\"rotateX\":\"0deg\",\"rotateY\":\"0deg\"},\"opacity\":\"100%\"}}},\"zoom-rotate\":{\"id\":\"zoom-rotate\",\"name\":\"zoom rotate\",\"keyframes\":{\"0%\":{\"transform\":{\"rotate\":\"180deg\",\"scale\":\"50%\"},\"opacity\":\"0%\"},\"100%\":{\"transform\":{\"rotate\":\"0deg\",\"scale\":\"100%\"},\"opacity\":\"100%\"}}},\"move-up\":{\"id\":\"move-up\",\"name\":\"move up\",\"keyframes\":{\"0%\":{\"transform\":{\"translateY\":\"100%\"}},\"100%\":{\"transform\":{\"translateY\":\"0%\"}}}},\"move-down\":{\"id\":\"move-down\",\"name\":\"move down\",\"keyframes\":{\"0%\":{\"transform\":{\"translateY\":\"-100-%\"}},\"100%\":{\"transform\":{\"translateY\":\"0%\"}}}},\"video-app-intro\":{\"id\":\"video-app-intro\",\"name\":\"video app intro\",\"keyframes\":{\"0%\":{\"transform\":{\"translateX\":\"-300px\",\"scale\":\"300%\",\"rotate\":\"90deg\"}},\"50%\":{\"transform\":{\"translateX\":\"-300px\",\"scale\":\"100%\",\"rotate\":\"0deg\"}},\"100%\":{\"transform\":{\"translateX\":\"0px\",\"scale\":\"100%\",\"rotate\":\"0deg\"}}}}},\"settings\":{}}","_moveable":"{}","_advanced_block_media_mapping":[],"footnotes":""},"class_list":["post-8906","page","type-page","status-publish","hentry"],"aioseo_notices":[],"coauthors":[],"author_meta":{"author_link":"https:\/\/www.marionaubray-accompagnements.fr\/index.php\/author\/benjamindc123456\/","display_name":"benjamindc123456"},"relative_dates":{"created":"Posted 2 years ago","modified":"Updated 2 years ago"},"absolute_dates":{"created":"Posted on 28 March 2024","modified":"Updated on 1 August 2024"},"absolute_dates_time":{"created":"Posted on 28 March 2024 16h41","modified":"Updated on 1 August 2024 15h54"},"featured_img_caption":"","featured_img":false,"series_order":"","featured_media_urls":[],"_links":{"self":[{"href":"https:\/\/www.marionaubray-accompagnements.fr\/index.php\/wp-json\/wp\/v2\/pages\/8906","targetHints":{"allow":["GET"]}}],"collection":[{"href":"https:\/\/www.marionaubray-accompagnements.fr\/index.php\/wp-json\/wp\/v2\/pages"}],"about":[{"href":"https:\/\/www.marionaubray-accompagnements.fr\/index.php\/wp-json\/wp\/v2\/types\/page"}],"author":[{"embeddable":true,"href":"https:\/\/www.marionaubray-accompagnements.fr\/index.php\/wp-json\/wp\/v2\/users\/1"}],"replies":[{"embeddable":true,"href":"https:\/\/www.marionaubray-accompagnements.fr\/index.php\/wp-json\/wp\/v2\/comments?post=8906"}],"version-history":[{"count":19,"href":"https:\/\/www.marionaubray-accompagnements.fr\/index.php\/wp-json\/wp\/v2\/pages\/8906\/revisions"}],"predecessor-version":[{"id":8960,"href":"https:\/\/www.marionaubray-accompagnements.fr\/index.php\/wp-json\/wp\/v2\/pages\/8906\/revisions\/8960"}],"wp:attachment":[{"href":"https:\/\/www.marionaubray-accompagnements.fr\/index.php\/wp-json\/wp\/v2\/media?parent=8906"}],"curies":[{"name":"wp","href":"https:\/\/api.w.org\/{rel}","templated":true}]}}